?
26
What is the highest common factor of 6 and 498?
6
What is the highest common divisor of 42 and 798?
42
What is the highest common divisor of 12993 and 3?
3
What is the highest common divisor of 28 and 42?
14
Calculate the greatest common factor of 2175 and 87.
87
What is the greatest common divisor of 852 and 12?
12
What is the highest common factor of 62 and 186?
62
What is the greatest common divisor of 94 and 31490?
94
Calculate the greatest common divisor of 1020 and 9.
3
Calculate the highest common factor of 470 and 564.
94
What is the greatest common factor of 96 and 6048?
96
What is the highest common divisor of 399 and 42?
21
Calculate the highest common divisor of 182 and 130.
26
What is the greatest common divisor of 24 and 8?
8
What is the highest common factor of 2886 and 26?
26
What is the highest common divisor of 36 and 78?
6
What is the highest common factor of 8 and 3268?
4
Calculate the highest common divisor of 130 and 50.
10
What is the highest common divisor of 2279 and 530?
53
What is the greatest common factor of 1804 and 121?
11
Calculate the greatest common factor of 1045 and 198.
11
What is the highest common factor of 2 and 4438?
2
Calculate the highest common factor of 385 and 715.
55
Calculate the highest common divisor of 3208 and 32.
8
Calculate the highest common factor of 906 and 54.
6
What is the greatest common divisor of 30 and 160?
10
Calculate the greatest common divisor of 8 and 4.
4
What is the highest common divisor of 18 and 2106?
18
Calculate the greatest common divisor of 759 and 99.
33
What is the highest common factor of 4343 and 43?
43
What is the greatest common factor of 4152 and 72?
24
Calculate the highest common factor of 172 and 989.
43
Calculate the highest common factor of 119 and 1139.
17
Calculate the greatest common factor of 15425 and 25.
25
What is the highest common factor of 26 and 9698?
26
Calculate the greatest common divisor of 793 and 6161.
61
Calculate the greatest common factor of 25 and 5.
5
What is the greatest common divisor of 435 and 195?
15
What is the highest common divisor of 63 and 153?
9
Calculate the highest common divisor of 4774 and 124.
62
Calculate the highest common divisor of 4340 and 12.
4
Calculate the highest common factor of 253 and 110.
11
What is the greatest common divisor of 61 and 244?
61
What is the greatest common factor of 132 and 17886?
66
What is the highest common factor of 1015 and 2117?
29
Calculate the highest common divisor of 23 and 184.
23
What is the highest common factor of 112 and 128?
16
What is the highest common divisor of 98 and 70?
14
Calculate the greatest common factor of 45 and 55.
5
Calculate the highest common factor of 1419 and 33.
33
Calculate the greatest common divisor of 9 and 1089.
9
What is the greatest common factor of 768 and 400?
16
Calculate the highest common factor of 198 and 858.
66
Calculate the greatest common factor of 42 and 2688.
42
What is the greatest common factor of 492 and 744?
12
What is the highest common factor of 39 and 143?
13
Calculate the highest common divisor of 309 and 824.
103
Calculate the highest common factor of 30 and 2085.
15
Calculate the highest common divisor of 21303 and 81.
81
Calculate the highest common factor of 83 and 1079.
83
Calculate the greatest common divisor of 217 and 248.
31
What is the greatest common factor of 490 and 1365?
35
Calculate the highest common factor of 84 and 6237.
21
Calculate the highest common divisor of 868 and 42.
14
What is the greatest common factor of 25277 and 161?
161
Calculate the greatest common divisor of 35364 and 84.
84
What is the highest common factor of 84 and 2772?
84
What is the highest common factor of 2735 and 5?
5
What is the highest common divisor of 26117 and 1148?
287
Calculate the greatest common divisor of 252 and 588.
84
Calculate the greatest common factor of 44 and 12067.
11
Calculate the greatest common divisor of 369 and 164.
41
What is the highest common factor of 1675 and 3685?
335
What is the greatest common factor of 24313 and 82?
41
Calculate the greatest common factor of 68183 and 41.
41
What is the highest common factor of 82 and 18040?
82
What is the highest common factor of 4 and 52?
4
Calculate the highest common divisor of 504 and 288.
72
Calculate the greatest common factor of 8 and 27.
1
Calculate the greatest common divisor of 740 and 80.
20
What is the greatest common factor of 24 and 128?
8
Calculate the highest common divisor of 515 and 1339.
103
Calculate the greatest common divisor of 101 and 10807.
101
Calculate the highest common divisor of 281 and 25571.
281
Calculate the greatest common factor of 23779 and 237.
79
Calculate the highest common factor of 18435 and 15.
15
What is the highest common divisor of 37 and 37?
37
Calculate the highest common factor of 1035 and 23.
23
Calculate the highest common factor of 48 and 27.
3
Calculate the greatest common divisor of 2322 and 2494.
86
Calculate the highest common divisor of 310 and 50.
10
Calculate the highest common factor of 108 and 414.
18
What is the greatest common divisor of 131 and 32750?
131
What is the greatest common factor of 6726 and 48?
6
What is the highest common factor of 4 and 1?
1
What is the highest common factor of 4170 and 60?
30
What is the greatest common factor of 2742 and 6?
6
What is the highest common factor of 30 and 165?
15
Calculate the highest common divisor of 64 and 1880.
8
Calculate the greatest common factor of 100 and 150.
50
What is the highest common factor of 120 and 1290?
30
Calculate the highest common factor of 36 and 3.
3
Calculate the highest common factor of 56 and 147.
7
What is the highest common factor of 64 and 224?
32
What is the greatest common divisor of 319 and 783?
29
What is the greatest common factor of 49 and 28?
7
Calculate the highest common divisor of 153 and 18.
9
What is the highest common divisor of 62913 and 201?
201
What is the greatest common factor of 3 and 27?
3
Calculate the highest common divisor of 21 and 3234.
21
Calculate the highest common divisor of 81 and 432.
27
What is the greatest common factor of 2073 and 6?
3
Calculate the greatest common factor of 396 and 84.
12
What is the greatest common divisor of 150 and 90?
30
Calculate the greatest common factor of 24 and 18.
6
What is the greatest common factor of 63 and 91?
7
What is the greatest common divisor of 481 and 148?
37
What is the greatest common divisor of 580 and 140?
20
What is the greatest common factor of 57 and 1311?
57
What is the greatest common factor of 29 and 58?
29
Calculate the greatest common divisor of 20 and 148.
4
Calculate the greatest common factor of 2527 and 7.
7
Calculate the greatest common divisor of 3712 and 58.
58
What is the greatest common divisor of 935 and 1309?
187
Calculate the highest common factor of 4298 and 21.
7
What is the highest common factor of 84 and 624?
12
Calculate the greatest common factor of 5022 and 124.
62
What is the greatest common divisor of 35 and 25?
5
Calculate the highest common divisor of 12 and 81.
3
Calculate the highest common divisor of 21 and 4767.
21
What is the highest common factor of 7098 and 468?
78
What is the highest common divisor of 68 and 3026?
34
Calculate the greatest common divisor of 4 and 66.
2
Calculate the highest common factor of 52 and 676.
52
Calculate the highest common divisor of 341 and 539.
11
Calculate the greatest common divisor of 3627 and 403.
403
Calculate the greatest common divisor of 38359 and 89.
89
Calculate the greatest common divisor of 36 and 32.
4
What is the greatest common factor of 1083 and 228?
57
What is the greatest common factor of 198 and 288?
18
What is the greatest common factor of 455 and 100?
5
Calculate the highest common factor of 5830 and 770.
110
What is the greatest common factor of 286 and 770?
22
Calculate the highest common divisor of 116 and 580.
116
Calculate the greatest common factor of 408 and 144.
24
What is the greatest common factor of 64 and 56?
8
Calculate the greatest common factor of 102 and 16116.
102
Calculate the greatest common factor of 75 and 210.
15
Calculate the greatest common factor of 84 and 16.
4
Calculate the greatest common divisor of 1690 and 5330.
130
What is the 